{"version":"1.0","provider_name":"Gracia Live","provider_url":"https:\/\/gracialive.be\/fr\/","author_name":"christophe","author_url":"https:\/\/gracialive.be\/fr\/author\/christophe\/","title":"Alvaro Soler","type":"rich","width":600,"height":338,"html":"<blockquote class=\"wp-embedded-content\" data-secret=\"PWIIlPAm7i\"><a href=\"https:\/\/gracialive.be\/fr\/agenda\/alvaro-soler-magia-2022\/\">Alvaro Soler<\/a><\/blockquote><iframe sandbox=\"allow-scripts\" security=\"restricted\" src=\"https:\/\/gracialive.be\/fr\/agenda\/alvaro-soler-magia-2022\/embed\/#?secret=PWIIlPAm7i\" width=\"600\" height=\"338\" title=\"\u00ab\u00a0Alvaro Soler\u00a0\u00bb &#8212; Gracia Live\" data-secret=\"PWIIlPAm7i\" frameborder=\"0\" marginwidth=\"0\" marginheight=\"0\" scrolling=\"no\" class=\"wp-embedded-content\"><\/iframe><script>\n\/*! This file is auto-generated *\/\n!function(c,d){\"use strict\";var e=!1,o=!1;if(d.querySelector)if(c.addEventListener)e=!0;if(c.wp=c.wp||{},c.wp.receiveEmbedMessage);else if(c.wp.receiveEmbedMessage=function(e){var t=e.data;if(!t);else if(!(t.secret||t.message||t.value));else if(\/[^a-zA-Z0-9]\/.test(t.secret));else{for(var r,s,a,i=d.querySelectorAll('iframe[data-secret=\"'+t.secret+'\"]'),n=d.querySelectorAll('blockquote[data-secret=\"'+t.secret+'\"]'),o=new RegExp(\"^https?:$\",\"i\"),l=0;l<n.length;l++)n[l].style.display=\"none\";for(l=0;l<i.length;l++)if(r=i[l],e.source!==r.contentWindow);else{if(r.removeAttribute(\"style\"),\"height\"===t.message){if(1e3<(s=parseInt(t.value,10)))s=1e3;else if(~~s<200)s=200;r.height=s}if(\"link\"===t.message)if(s=d.createElement(\"a\"),a=d.createElement(\"a\"),s.href=r.getAttribute(\"src\"),a.href=t.value,!o.test(a.protocol));else if(a.host===s.host)if(d.activeElement===r)c.top.location.href=t.value}}},e)c.addEventListener(\"message\",c.wp.receiveEmbedMessage,!1),d.addEventListener(\"DOMContentLoaded\",t,!1),c.addEventListener(\"load\",t,!1);function t(){if(o);else{o=!0;for(var e,t,r,s=-1!==navigator.appVersion.indexOf(\"MSIE 10\"),a=!!navigator.userAgent.match(\/Trident.*rv:11\\.\/),i=d.querySelectorAll(\"iframe.wp-embedded-content\"),n=0;n<i.length;n++){if(!(r=(t=i[n]).getAttribute(\"data-secret\")))r=Math.random().toString(36).substr(2,10),t.src+=\"#?secret=\"+r,t.setAttribute(\"data-secret\",r);if(s||a)(e=t.cloneNode(!0)).removeAttribute(\"security\"),t.parentNode.replaceChild(e,t);t.contentWindow.postMessage({message:\"ready\",secret:r},\"*\")}}}}(window,document);\n<\/script>\n","thumbnail_url":"https:\/\/gracialive.be\/wp-content\/uploads\/2022\/06\/1920x1080-2.jpg","thumbnail_width":1920,"thumbnail_height":1080,"description":"Le concert d\u2019Alvaro Soler du 10 mars 2022 sera report\u00e9 au vendredi 30 septembre 2022Vos billets originaux vous donneront acc\u00e8s \u00e0 la nouvelle date. Vous ne devez prendre aucune autre mesure.Tous les d\u00e9tenteurs de billets seront contact\u00e9s par email. Pratique Information Alvaro Soler le 10 mars 2022 \u00e0 Forest National\u202f\u00a0avec son \u202fMAGIA European Tour 2022\u00a0!\u00a0 &hellip; Continuer la lecture \u00ab\u00a0\u00a0\u00bb"}

Le concert d’Alvaro Soler du 10 mars 2022 sera reporté au vendredi 30 septembre 2022Vos billets originaux vous donneront accès à la nouvelle date. Vous ne devez prendre aucune autre mesure.Tous les détenteurs de billets seront contactés par email. Pratique Information Alvaro Soler le 10 mars 2022 à Forest National  avec son  MAGIA European Tour 2022 !  &hellip; Continuer la lecture «  »
